{"id":1968,"date":"2022-05-11T16:49:29","date_gmt":"2022-05-11T21:49:29","guid":{"rendered":"https:\/\/www.danksmillercory.com\/abogados\/?page_id=1968"},"modified":"2022-05-11T16:49:32","modified_gmt":"2022-05-11T21:49:32","slug":"foia","status":"publish","type":"page","link":"https:\/\/www.danksmillercory.com\/abogados\/inmigracion\/foia\/","title":{"rendered":"FOIA"},"content":{"rendered":"<p>[et_pb_section fb_built=&#8221;1&#8243; _builder_version=&#8221;4.16&#8243; global_colors_info=&#8221;{}&#8221;][et_pb_row _builder_version=&#8221;4.16&#8243; background_size=&#8221;initial&#8221; background_position=&#8221;top_left&#8221; background_repeat=&#8221;repeat&#8221; global_colors_info=&#8221;{}&#8221;][et_pb_column type=&#8221;4_4&#8243; _builder_version=&#8221;4.16&#8243; custom_padding=&#8221;|||&#8221; global_colors_info=&#8221;{}&#8221; custom_padding__hover=&#8221;|||&#8221;][et_pb_text _builder_version=&#8221;4.17.1&#8243; text_font=&#8221;Georgia||||||||&#8221; text_text_color=&#8221;#000000&#8243; text_font_size=&#8221;20px&#8221; header_font=&#8221;Georgia||||||||&#8221; background_size=&#8221;initial&#8221; background_position=&#8221;top_left&#8221; background_repeat=&#8221;repeat&#8221; global_colors_info=&#8221;{}&#8221;]<\/p>\n<h1>FOIA<\/h1>\n<p>&nbsp;<\/p>\n<p><span class=\"Y2IQFc\" lang=\"es\">Cualquier acci\u00f3n que inmigraci\u00f3n toma en contra de usted puede tener consecuencias en el futuro. Antes de iniciar cualquier proceso de inmigraci\u00f3n, es importante que un abogado de inmigraci\u00f3n revise su archivo de inmigraci\u00f3n completo. Tener su expediente migratorio completo es fundamental para tomar una decisi\u00f3n informada en cualquier tr\u00e1mite migratorio. Una solicitud de FOIA lo ayudar\u00e1 a obtener su archivo de inmigraci\u00f3n.<\/span><\/p>\n<p><span class=\"Y2IQFc\" lang=\"es\">Si est\u00e1s pensando en iniciar un tr\u00e1mite migratorio y te gustar\u00eda obtener tu expediente primero, o te gustar\u00eda saber si tienes un expediente migratorio, <\/span><span class=\"Y2IQFc\" lang=\"es\">ll\u00e1menos al 601.326.3000.<\/span><\/p>\n<p>[\/et_pb_text][\/et_pb_column][\/et_pb_row][\/et_pb_section]<\/p>\n","protected":false},"excerpt":{"rendered":"<p>FOIA &nbsp; Cualquier acci\u00f3n que inmigraci\u00f3n toma en contra de usted puede tener consecuencias en el futuro. Antes de iniciar cualquier proceso de inmigraci\u00f3n, es importante que un abogado de inmigraci\u00f3n revise su archivo de inmigraci\u00f3n completo. Tener su expediente migratorio completo es fundamental para tomar una decisi\u00f3n informada en cualquier tr\u00e1mite migratorio. Una solicitud [&hellip;]<\/p>\n","protected":false},"author":4,"featured_media":0,"parent":127,"menu_order":0,"comment_status":"closed","ping_status":"closed","template":"","meta":{"_et_pb_use_builder":"on","_et_pb_old_content":"","_et_gb_content_width":"","footnotes":""},"class_list":["post-1968","page","type-page","status-publish","hentry"],"_links":{"self":[{"href":"https:\/\/www.danksmillercory.com\/abogados\/wp-json\/wp\/v2\/pages\/1968","targetHints":{"allow":["GET"]}}],"collection":[{"href":"https:\/\/www.danksmillercory.com\/abogados\/wp-json\/wp\/v2\/pages"}],"about":[{"href":"https:\/\/www.danksmillercory.com\/abogados\/wp-json\/wp\/v2\/types\/page"}],"author":[{"embeddable":true,"href":"https:\/\/www.danksmillercory.com\/abogados\/wp-json\/wp\/v2\/users\/4"}],"replies":[{"embeddable":true,"href":"https:\/\/www.danksmillercory.com\/abogados\/wp-json\/wp\/v2\/comments?post=1968"}],"version-history":[{"count":3,"href":"https:\/\/www.danksmillercory.com\/abogados\/wp-json\/wp\/v2\/pages\/1968\/revisions"}],"predecessor-version":[{"id":1972,"href":"https:\/\/www.danksmillercory.com\/abogados\/wp-json\/wp\/v2\/pages\/1968\/revisions\/1972"}],"up":[{"embeddable":true,"href":"https:\/\/www.danksmillercory.com\/abogados\/wp-json\/wp\/v2\/pages\/127"}],"wp:attachment":[{"href":"https:\/\/www.danksmillercory.com\/abogados\/wp-json\/wp\/v2\/media?parent=1968"}],"curies":[{"name":"wp","href":"https:\/\/api.w.org\/{rel}","templated":true}]}}