{"id":1773,"date":"2022-04-05T17:26:58","date_gmt":"2022-04-05T22:26:58","guid":{"rendered":"http:\/\/www.danksmillercory.com\/abogados\/?page_id=1773"},"modified":"2022-05-20T14:11:00","modified_gmt":"2022-05-20T19:11:00","slug":"perdones-de-inadmisibilidad","status":"publish","type":"page","link":"https:\/\/www.danksmillercory.com\/abogados\/inmigracion\/perdones-de-inadmisibilidad\/","title":{"rendered":"Perdones de Inadmisibilidad"},"content":{"rendered":"<p>[et_pb_section fb_built=&#8221;1&#8243; _builder_version=&#8221;4.16&#8243; global_colors_info=&#8221;{}&#8221;][et_pb_row _builder_version=&#8221;4.16&#8243; background_size=&#8221;initial&#8221; background_position=&#8221;top_left&#8221; background_repeat=&#8221;repeat&#8221; global_colors_info=&#8221;{}&#8221;][et_pb_column type=&#8221;4_4&#8243; _builder_version=&#8221;4.16&#8243; custom_padding=&#8221;|||&#8221; global_colors_info=&#8221;{}&#8221; custom_padding__hover=&#8221;|||&#8221;][et_pb_text _builder_version=&#8221;4.17.1&#8243; text_font=&#8221;Georgia||||||||&#8221; text_text_color=&#8221;#000000&#8243; text_font_size=&#8221;20px&#8221; header_font=&#8221;Georgia||||||||&#8221; background_size=&#8221;initial&#8221; background_position=&#8221;top_left&#8221; background_repeat=&#8221;repeat&#8221; inline_fonts=&#8221;Georgia&#8221; global_colors_info=&#8221;{}&#8221;]<\/p>\n<pre class=\"tw-data-text tw-text-large tw-ta\" data-placeholder=\"Translation\" dir=\"ltr\"><span style=\"font-size: xx-large; font-family: Georgia; font-weight: normal;\">PERD\u00d3NES<\/span><\/pre>\n<p><span class=\"Y2IQFc\" lang=\"es\">Es posible que se le proh\u00edbe obtener\u00a0 un estatus legal en los Estados Unidos debido a una infracci\u00f3n de inmigraci\u00f3n anterior. Algunos inmigrantes pueden ser elegibles para recibir un perd\u00f3n para continuar con el proceso de obtener estatus legal. Sin embargo, no todos son elegibles para perd\u00f3n. Por eso es importante hablar con un abogado de inmigraci\u00f3n antes de presentar cualquier solicitud de inmigraci\u00f3n.<\/span><\/p>\n<p><span class=\"Y2IQFc\" lang=\"es\">Si desea agendar una consulta con uno de nuestros abogados de inmigraci\u00f3n para ver si califica para un perd\u00f3n, ll\u00e1menos al 601.326.3000.<\/span><\/p>\n<p>[\/et_pb_text][\/et_pb_column][\/et_pb_row][\/et_pb_section]<\/p>\n","protected":false},"excerpt":{"rendered":"<p>PERD\u00d3NES Es posible que se le proh\u00edbe obtener\u00a0 un estatus legal en los Estados Unidos debido a una infracci\u00f3n de inmigraci\u00f3n anterior. Algunos inmigrantes pueden ser elegibles para recibir un perd\u00f3n para continuar con el proceso de obtener estatus legal. Sin embargo, no todos son elegibles para perd\u00f3n. Por eso es importante hablar con un [&hellip;]<\/p>\n","protected":false},"author":4,"featured_media":0,"parent":127,"menu_order":0,"comment_status":"closed","ping_status":"closed","template":"","meta":{"_et_pb_use_builder":"on","_et_pb_old_content":"","_et_gb_content_width":"","footnotes":""},"class_list":["post-1773","page","type-page","status-publish","hentry"],"_links":{"self":[{"href":"https:\/\/www.danksmillercory.com\/abogados\/wp-json\/wp\/v2\/pages\/1773","targetHints":{"allow":["GET"]}}],"collection":[{"href":"https:\/\/www.danksmillercory.com\/abogados\/wp-json\/wp\/v2\/pages"}],"about":[{"href":"https:\/\/www.danksmillercory.com\/abogados\/wp-json\/wp\/v2\/types\/page"}],"author":[{"embeddable":true,"href":"https:\/\/www.danksmillercory.com\/abogados\/wp-json\/wp\/v2\/users\/4"}],"replies":[{"embeddable":true,"href":"https:\/\/www.danksmillercory.com\/abogados\/wp-json\/wp\/v2\/comments?post=1773"}],"version-history":[{"count":4,"href":"https:\/\/www.danksmillercory.com\/abogados\/wp-json\/wp\/v2\/pages\/1773\/revisions"}],"predecessor-version":[{"id":2025,"href":"https:\/\/www.danksmillercory.com\/abogados\/wp-json\/wp\/v2\/pages\/1773\/revisions\/2025"}],"up":[{"embeddable":true,"href":"https:\/\/www.danksmillercory.com\/abogados\/wp-json\/wp\/v2\/pages\/127"}],"wp:attachment":[{"href":"https:\/\/www.danksmillercory.com\/abogados\/wp-json\/wp\/v2\/media?parent=1773"}],"curies":[{"name":"wp","href":"https:\/\/api.w.org\/{rel}","templated":true}]}}